{"id":3333,"date":"2024-03-19T06:09:18","date_gmt":"2024-03-19T06:09:18","guid":{"rendered":"https:\/\/theisca.org\/?post_type=product&#038;p=3333"},"modified":"2025-04-07T08:51:22","modified_gmt":"2025-04-07T07:51:22","slug":"skolenie-o-bezpecnosti-cistenia-stresnych-solarnych-panelov-slovenska-edicia","status":"publish","type":"product","link":"https:\/\/theisca.org\/index.php\/product\/skolenie-o-bezpecnosti-cistenia-stresnych-solarnych-panelov-slovenska-edicia\/","title":{"rendered":"\u0160kolenie o bezpe\u010dnosti \u010distenia stre\u0161n\u00fdch sol\u00e1rnych panelov &#8211; Slovensk\u00e1 ed\u00edcia"},"content":{"rendered":"","protected":false},"excerpt":{"rendered":"<p><strong>* Modul 1: Mo\u017enos\u0165 \u010distenia sol\u00e1rnych panelov<\/strong><\/p>\n<p><strong>* Modul 2: Technick\u00e9 inform\u00e1cie sol\u00e1rneho po\u013ea<\/strong><\/p>\n<p><strong>* Modul 3: Poruchy, poruchy a zlomy sol\u00e1rnych panelov<\/strong><\/p>\n<p><strong>* Modul 4: Po\u017eiare sol\u00e1rneho panelu<\/strong><\/p>\n<p><strong>* Modul 5: \u010co je sol\u00e1rna prev\u00e1dzka a \u00fadr\u017eba?<\/strong><\/p>\n<p><strong>* Modul 6: Pre\u010do \u010dist\u00e9 a chemick\u00e9 \u010distenie<\/strong><\/p>\n<p><strong>* Modul 7: Zabitie elektrick\u00fdm pr\u00fadom a pr\u00e1ca vo v\u00fd\u0161kach<\/strong><\/p>\n<p><strong>* Modul 8: In\u00e9 zdravotn\u00e9 a bezpe\u010dnostn\u00e9 aspekty<\/strong><\/p>\n<p><strong>* Modul 9: Z\u00e1kladn\u00e9 osobn\u00e9 ochrann\u00e9 prostriedky<\/strong><\/p>\n<p><strong>* Modul 10: Ako ne\u010disti\u0165 a zl\u00e9 postupy<\/strong><\/p>\n<p><strong>* Modul 11: \u010cistenie reziden\u010dn\u00fdch sol\u00e1rnych panelov Zdravie a bezpe\u010dnos\u0165<\/strong><\/p>\n<p><strong>* Modul 12: \u010cistenie po\u013enohospod\u00e1rskych sol\u00e1rnych panelov Zdravie a bezpe\u010dnos\u0165<\/strong><\/p>\n<p><strong>* Modul 13: \u010cistenie komer\u010dn\u00fdch sol\u00e1rnych panelov Zdravie a bezpe\u010dnos\u0165<\/strong><\/p>\n<p><strong>* Modul 14: Bu\u010fte v bezpe\u010d\u00ed a \u00faspe\u0161n\u00ed<\/strong><\/p>\n","protected":false},"featured_media":3338,"comment_status":"open","ping_status":"closed","template":"","meta":[],"product_brand":[],"product_cat":[133],"product_tag":[],"class_list":{"0":"post-3333","1":"product","2":"type-product","3":"status-publish","4":"has-post-thumbnail","6":"product_cat-courses","8":"first","9":"instock","10":"virtual","11":"sold-individually","12":"purchasable","13":"product-type-course"},"_links":{"self":[{"href":"https:\/\/theisca.org\/index.php\/wp-json\/wp\/v2\/product\/3333","targetHints":{"allow":["GET"]}}],"collection":[{"href":"https:\/\/theisca.org\/index.php\/wp-json\/wp\/v2\/product"}],"about":[{"href":"https:\/\/theisca.org\/index.php\/wp-json\/wp\/v2\/types\/product"}],"replies":[{"embeddable":true,"href":"https:\/\/theisca.org\/index.php\/wp-json\/wp\/v2\/comments?post=3333"}],"wp:featuredmedia":[{"embeddable":true,"href":"https:\/\/theisca.org\/index.php\/wp-json\/wp\/v2\/media\/3338"}],"wp:attachment":[{"href":"https:\/\/theisca.org\/index.php\/wp-json\/wp\/v2\/media?parent=3333"}],"wp:term":[{"taxonomy":"product_brand","embeddable":true,"href":"https:\/\/theisca.org\/index.php\/wp-json\/wp\/v2\/product_brand?post=3333"},{"taxonomy":"product_cat","embeddable":true,"href":"https:\/\/theisca.org\/index.php\/wp-json\/wp\/v2\/product_cat?post=3333"},{"taxonomy":"product_tag","embeddable":true,"href":"https:\/\/theisca.org\/index.php\/wp-json\/wp\/v2\/product_tag?post=3333"}],"curies":[{"name":"wp","href":"https:\/\/api.w.org\/{rel}","templated":true}]}}