{"id":3341,"date":"2024-03-19T06:55:51","date_gmt":"2024-03-19T06:55:51","guid":{"rendered":"https:\/\/theisca.org\/?post_type=product&#038;p=3341"},"modified":"2024-03-19T07:27:37","modified_gmt":"2024-03-19T07:27:37","slug":"skoliaci-kurz-bezpecnostneho-povedomia-o-cisteni-stresnych-solarnych-panelov-vydanie-pre-rumunsko","status":"publish","type":"product","link":"https:\/\/theisca.org\/index.php\/product\/skoliaci-kurz-bezpecnostneho-povedomia-o-cisteni-stresnych-solarnych-panelov-vydanie-pre-rumunsko\/","title":{"rendered":"\u0160koliaci kurz bezpe\u010dnostn\u00e9ho povedomia o \u010disten\u00ed stre\u0161n\u00fdch sol\u00e1rnych panelov \u2013 vydanie pre Rumunsko"},"content":{"rendered":"","protected":false},"excerpt":{"rendered":"<p><strong>* Modul 1:\u00a0Pr\u00edle\u017eitos\u0165 na \u010distenie sol\u00e1rnych panelov<\/strong><\/p>\n<p><strong>* Modul 2:\u00a0Technick\u00e9 inform\u00e1cie sol\u00e1rneho po\u013ea<\/strong><\/p>\n<p><strong>* Modul 3:\u00a0Chyby sol\u00e1rnych panelov, poruchy a poruchy<\/strong><\/p>\n<p><strong>* Modul 4:\u00a0Po\u017eiar sol\u00e1rneho panelu<\/strong><\/p>\n<p><strong>* Modul 5:\u00a0\u010co je sol\u00e1rna prev\u00e1dzka a \u00fadr\u017eba?<\/strong><\/p>\n<p><strong>* Modul 6:\u00a0Pre\u010do \u010distenie a chemick\u00e9 \u010distenie<\/strong><\/p>\n<p><strong>* Modul 7:\u00a0Elektrick\u00fd v\u00fdboj a pr\u00e1ca vo v\u00fd\u0161kach<\/strong><\/p>\n<p><strong>* Modul 8:\u00a0 \u010eal\u0161ie ot\u00e1zky t\u00fdkaj\u00face sa zdravia a bezpe\u010dnosti<\/strong><\/p>\n<p><strong>* Modul 9:\u00a0 Z\u00e1kladn\u00e9 osobn\u00e9 ochrann\u00e9 prostriedky<\/strong><\/p>\n<p><strong>* Modul 10:\u00a0Ako ne\u010disti\u0165 a zl\u00e9 postupy<\/strong><\/p>\n<p><strong>* Modul 11: Zdravie a bezpe\u010dnos\u0165 pri \u010disten\u00ed obytn\u00fdch sol\u00e1rnych panelov<\/strong><\/p>\n<p><strong>* Modul 12: Zdravie a bezpe\u010dnos\u0165 \u010distenia po\u013enohospod\u00e1rskych sol\u00e1rnych panelov<\/strong><\/p>\n<p><strong>* Modul 13: Zdravie a bezpe\u010dnos\u0165 pri \u010disten\u00ed komer\u010dn\u00fdch sol\u00e1rnych panelov<\/strong><\/p>\n<p><strong>* Modul 14:\u00a0 Bu\u010fte v bezpe\u010d\u00ed a \u00faspe\u0161n\u00ed<\/strong><\/p>\n","protected":false},"featured_media":3342,"comment_status":"open","ping_status":"closed","template":"","meta":[],"product_brand":[],"product_cat":[133],"product_tag":[],"class_list":{"0":"post-3341","1":"product","2":"type-product","3":"status-publish","4":"has-post-thumbnail","6":"product_cat-courses","8":"first","9":"instock","10":"virtual","11":"sold-individually","12":"purchasable","13":"product-type-course"},"_links":{"self":[{"href":"https:\/\/theisca.org\/index.php\/wp-json\/wp\/v2\/product\/3341","targetHints":{"allow":["GET"]}}],"collection":[{"href":"https:\/\/theisca.org\/index.php\/wp-json\/wp\/v2\/product"}],"about":[{"href":"https:\/\/theisca.org\/index.php\/wp-json\/wp\/v2\/types\/product"}],"replies":[{"embeddable":true,"href":"https:\/\/theisca.org\/index.php\/wp-json\/wp\/v2\/comments?post=3341"}],"wp:featuredmedia":[{"embeddable":true,"href":"https:\/\/theisca.org\/index.php\/wp-json\/wp\/v2\/media\/3342"}],"wp:attachment":[{"href":"https:\/\/theisca.org\/index.php\/wp-json\/wp\/v2\/media?parent=3341"}],"wp:term":[{"taxonomy":"product_brand","embeddable":true,"href":"https:\/\/theisca.org\/index.php\/wp-json\/wp\/v2\/product_brand?post=3341"},{"taxonomy":"product_cat","embeddable":true,"href":"https:\/\/theisca.org\/index.php\/wp-json\/wp\/v2\/product_cat?post=3341"},{"taxonomy":"product_tag","embeddable":true,"href":"https:\/\/theisca.org\/index.php\/wp-json\/wp\/v2\/product_tag?post=3341"}],"curies":[{"name":"wp","href":"https:\/\/api.w.org\/{rel}","templated":true}]}}